e v(c).
-13
Let f(v) = -2*v - 10. Let d(j) be the first derivative of -1/2*j**2 + 5 - 5*j. Let r(g) = -7*d(g) + 4*f(g). Determine r(-6).
1
Let t be (0 - -1) + (8 - 12 - -43). Let y be -2*3 - (-47 + t). Let q(z) = 14*z**2 + z. Give q(y).
15
Let g(p) = 8 + 5*p**2 - 25 - 3*p - 2*p**3 + 10. Let d(q) = -q**3 - q**2 + 2*q. Let m(i) = -d(i) + g(i). What is m(5)?
-7
Let x = -5 - -3. Let q(z) = 2257*z - 1110*z - 1139*z. Determine q(x).
-16
Let m(y) = -8*y + 4*y**2 - 4 - 3*y**2 - 7 + 5. Let d(v) = v**3 - v**2 - 2*v + 5. Let h be d(2). Suppose 0 = h*x + f - 29, 0*f - 7 = -2*x - 5*f. Give m(x).
-18
Let b(d) = 3*d**3 + 61*d**2 + 3*d + 12. Let w(m) = 5*m**3 + 93*m**2 + 5*m + 16. Let u(p) = 8*b(p) - 5*w(p). Calculate u(23).
-7
Let a(p) = -42*p**3 - 10*p**2 + 7*p. Let w(j) = -2*j**3 + j**2 - j. Let o(h) = -a(h) - 8*w(h). Calculate o(-1).
-57
Suppose -4*s = -3*s - 17. Let k(r) = s - 2 + 5*r - 2*r**2 + 13 - 25. What is k(5)?
-22
Let t = 11 - 19. Let m(u) = 29 - 10 - 3*u**2 - 2*u**2 - 18 + 9*u - u**2 + 7*u**2. Determine m(t).
-7
Let i(m) = -125*m**2 + 65*m**2 + 65*m**2 + m**3 + 6 + 7*m. Suppose 5*w + 5*n + 12 - 32 = 0, -2*w - n + 6 = 0. Let f(d) = -d - 2. Let t be f(w). What is i(t)?
-6
Let x(p) = 13*p**3 - p. Let o(l) = -8*l - 33. Let k be o(-7). Suppose -3*f - 5*t = -k, -9*f + 1 = -4*f - t. Determine x(f).
12
Let h = -2592 + 2592. Let u(j) be the third derivative of -j**4/12 + 4*j**3/3 + 36*j**2. Give u(h).
8
Let i(d) = 15*d - 19. Let j(l) = 34*l - 36. Let a(w) = 9*i(w) - 4*j(w). Let c be (-4)/34 - (-18)/153. What is a(c)?
-27
Let y(u) = -u - 6. Let m(f) be the second derivative of f**3/3 + f**2 + f. Let b be m(-1). Let j be (b/(-3))/(0 - -2). What is y(j)?
-6
Suppose 26*a - 31*a + 2*s - 3038 = 0, 2*a + 1200 = -3*s. Let k = a + 613. Let z(q) = 3*q - 21. What is z(k)?
0
Let y = 4 + -6. Let q(i) = -3 - 2*i + 4*i**2 + 2 + 2 - 3*i. Let g(u) = u**2 - u. Let m(s) = -3*g(s) + q(s). Give m(y).
9
Let w(x) = x**3 - 6*x**2 + x + 6. Let f be ((-56)/6)/((-84)/35*25/45). What is w(f)?
62
Let l(j) be the second derivative of -j**4/12 + 4*j**3/3 - 4*j**2 + j. Let k be (10 - 9)*-9 + 14. Suppose -5*o + 2 = -s, 2 = 2*s - k*o - 4. Give l(s).
-8
Let m(f) = -3*f**3 + 31*f**2 - 12*f + 1. Let w(c) = c**3 - 46*c**2 - 41*c - 272. Let g be w(47). What is m(g)?
-19
Let f(m) = -10*m + 4. Let n = 194 - 190. Suppose n = 2*p - 2. What is f(p)?
-26
Let o(g) = 171 - 112 - 305*g**2 + 304*g**2 + 15*g. Determine o(15).
59
Let p(c) be the second derivative of 1/4*c**4 - 2*c**2 + 2 - 3*c - 5/6*c**3 + 1/20*c**5. Give p(-4).
0
Let u(n) = -10*n**2 - 8*n + 8. Let v be u(1). Let t(y) = -y**3 - 12*y**2 - 15*y + 48. Let m be t(v). Let c(i) = -4*i - 5. Determine c(m).
3
Let z(b) = -b**3 + 45. Suppose 1130 = -9*m + 1130. Give z(m).
45
Let r(a) = 21*a - 210. Suppose -3409*u + 440 = -3365*u. Determine r(u).
0
Let b be -10 + 1 + 0 - 0. Let z(q) = -5*q + 280. Let y(f) = 14*f - 745. Let l(g) = -3*y(g) - 8*z(g). Give l(b).
13
Let z(l) be the first derivative of l**4/4 - 4*l**3 + 21*l**2/2 - 15*l + 1044. Give z(10).
-5
Let l be ((-15)/20)/(6/(-80)). Let d(y) = -11*y - 149*y**3 + l + 303*y**3 - 153*y**3 - 8*y**2. Calculate d(9).
-8
Let y(s) = 8*s**3 + 888*s**2 - 887*s**2 - 72*s + 73*s. Give y(-2).
-62
Let s = -436778 - -436777. Let u(c) = 0*c + c**2 + 0*c + 1. Determine u(s).
2
Let h(o) = -3*o**2 + 81*o - 216. Let x be h(24). Let m(s) be the first derivative of -s**3/3 - 4*s + 1. What is m(x)?
-4
Suppose 5*t - 22 - 143 = 0. Let c = -49 + t. Let h be (-2)/(c/(-7)) - (-6)/(-48). Let m(r) = -3*r**3 + r**2 - r - 1. What is m(h)?
4
Let l(p) be the third derivative of p**8/1260 - p**6/720 + 17*p**5/20 - 63*p**2. Let d(i) be the third derivative of l(i). What is d(-1)?
15
Suppose 155 + 367 = 3*l. Let q = l - 168. Let f(m) = -5*m**3 - 6*m**2 + 4*m + 6. Let g(z) = z**3 - z - 1. Let w(h) = -f(h) - 6*g(h). Calculate w(q).
12
Let i(f) = -5*f**2 + 66*f + 9. Suppose 4*w = 2*k + 58, 3*w - 47 - 7 = 5*k. What is i(w)?
22
Let w(a) = 4*a**2 - a + 5. Let y = -31 - -25. Let j(z) = -7*z**2 + 2*z - 9. Let f(o) = y*j(o) - 11*w(o). What is f(-1)?
-2
Suppose 42 = 3*a - 4*l, -4*l + 47 = 4*a - 9. Let c be (a/(-1))/(-20 - -18). Let w(b) = -b**2 + 4*b + 7. Calculate w(c).
-14
Let n(v) be the first derivative of -v**3/3 - 2*v**2 + 7*v + 4. Let h(u) = -u + 3. Let q be h(-5). Suppose 4*d = -2*t + 4*t + q, 0 = t - d + 5. Calculate n(t).
-5
Let b(p) = -3*p - 12. Let j be -7 - 2*(-1)/2. Let r be b(j). Let n(m) = 3*m + 4*m**2 - m**3 + 5*m + 2*m**2 + r + 2*m**3. Give n(-5).
-9
Let n(q) = 2*q - 2. Suppose -2*l = -8*p + 7*p - 36, 44 = 3*l - 4*p. Suppose 23*z = -l*z - 43. What is n(z)?
-4
Let q(n) = -11 + 13*n + 18881*n**2 - 9444*n**2 - 9438*n**2. Determine q(15).
-41
Let x(w) be the third derivative of -w**4/24 + 2*w**3 + 2*w**2. Let h(s) = -17*s**2 + 131*s + 53. Let j be h(8). Give x(j).
-1
Let c = -66 - -65. Let s(r) be the second derivative of 5/12*r**4 - 3*r + 0 + 1/2*r**2 + 1/6*r**3. Calculate s(c).
5
Let r(p) = p**2. Let h = -41 + 39. Let k(c) = 3*c**2 + 2*c + 2. Let w be k(h). Suppose o = -7*b + 3*b + w, 5*b - 16 = -3*o. What is r(b)?
4
Let f(u) = u**3 - 7*u**2 + 6*u + 1. Let p be (-108)/270*(2 - 7). Let o be (-2 - 6/(-4))*0. Suppose -p*v + 12 = -q, o = -v - q - q + 6. Determine f(v).
1
Let n(k) = -18*k**3 + 3*k**2 + 33*k. Let v(j) = -7*j**3 + 3*j**2 + 16*j - 1. Let m(g) = -2*n(g) + 5*v(g). Calculate m(-2).
-5
Let i(z) = 17*z**2 - 2*z + 2. Let v be i(2). Let p be ((-33)/v)/((-1)/(-1 + 5)). Let g(f) = p + 4*f**2 + 2*f**2 - 5*f**2 - 4. Calculate g(-3).
7
Let k be (28/(-48))/7 - 213/36. Let z(i) = -2*i**2 - 17*i - 2. Calculate z(k).
28
Let m(t) = 31 + 16 - t**2 + 17*t - 63. What is m(1)?
0
Suppose y = -2*y - 3*c + 12, 5*y = 2*c + 55. Let n = 3 - y. Let x(j) = -13*j + 1. Let w(b) = 8*b. Let d(u) = -5*w(u) - 3*x(u). Give d(n).
3
Let x(k) be the third derivative of -k**4/4 + k**3/6 + 493*k**2. Let t = -21 - -19. Calculate x(t).
13
Let o(k) = k**3 + k**2 - 2*k. Let v(x) = 2*x - 5. Suppose t = -2*n - 9, 19 - 6 = 3*t - 2*n. Let s be v(t). Give o(s).
-12
Let h(m) = 3*m + 71. Let o(c) = -c**3 - 18*c**2 - 73*c - 27. Let v be o(-6). What is h(v)?
8
Let c(s) = 4*s**3 + 9*s**2 + 3*s + 5. Let z(y) = -5*y**3 - 10*y**2 - 3*y - 5. Let a(m) = -4*c(m) - 3*z(m). Let i = -2462 + 2457. Determine a(i).
-15
Let l(n) = 9*n - 41 - 4 + 3. Let q(c) = -2*c + 10. Let i(u) = 5*l(u) + 21*q(u). Let r = -5 - -6. What is i(r)?
3
Suppose -q = 5, 2*w - 3*w - 4*q = 27. Let x be (12/8 + 0)*60/45. Let v(j) = 6*j**2 - 15*j + j**x + j**3 + 1 + 8*j - j**2 + 4. Determine v(w).
5
Let s(r) = -9*r**3 - 3*r - 2. Let j(x) be the third derivative of 3*x**6/20 + x**4/4 + 2*x**3/3 - 15*x**2. Let b(k) = -3*j(k) - 5*s(k). Calculate b(-1).
10
Suppose 5*s + 8 + 23 = 2*w, -4*s - 3*w = 11. Let n(q) be the first derivative of -1 - 5/3*q**3 - 1/4*q**4 - 3*q - 1/2*q**2. Determine n(s).
2
Let w(v) = -3*v**2 - 4*v + 7. Let y(k) be the second derivative of -k**4/6 - k**3/2 + 5*k**2/2 + 2*k + 75. Let q(s) = 3*w(s) - 4*y(s). Determine q(1).
0
Let p(d) = -490*d + 480. Let x be p(1). Let m(y) = -y**3 - 11*y**2 - 12*y. Calculate m(x).
20
Let m(f) = -f**2 + 3*f + 10. Let y = -95 + 99. Let i be 4/8*(y - -8). Give m(i).
-8
Let m(g) be the third derivative of -g**5/60 - 5*g**4/4 + 44*g**3/3 + 527*g**2. Give m(-33).
-11
Let p(z) = 7*z - 9. Let i(v) = 3*v - 5. Let k(c) = 9*i(c) - 4*p(c). Let m(t) = -20*t + 1791. Let u be m(90). What is k(u)?
0
Let v = -293 + 299. Suppose -3*j + 5 = i, j = -v*i + 7*i + 3. Let o(w) = 7*w**2 + 2*w + 1. Determine o(i).
6
Let j(h) = -96*h - 27. Let c(g) = -94*g - 34. Let v(k) = -4*c(k) + 5*j(k). Give v(-1).
105
Let l(t) = 5*t**2 + 14*t - 16. Let z(q) = -11*q**2 - 29*q + 33. Let b(u) = 13*l(u) + 6*z(u). Give b(3).
5
Let a(k) = -2*k**3 + 40*k**2 + 3*k - 66. Let t(l) = 155*l - 2305. Let o be t(15). Give a(o).
-6
Let i(h) = 2*h**3 - 4*h**2 + 4*h + 15. Let v(o) = o**3 - o**2 + o + 2. Let t be ((-16)/12)/(92/207). Let d(c) = t*v(c) + i(c). Determine d(0).
9
Let d(m) = -2*m**2 - m + 3. Let s be 3/(-5) - (-1 - 33/5). Calculate d(s).
-102
Let r(j) = 5*j**2 - 4*j + 3. Let b(z) = 31*z**2 + 5 + 2*z - 13*z - 17*z**2 + 3. Let m(a) = 4*b(a) - 11*r(a). Let k(u) = -u + 1. Let q be k(1). What is m(q)?
-1
Let j = -651 + 654. Let o(m) = -29*m + 34*m - m**2 - 14 + 6 + j*m**2. Calculate o(-4).
4
Let x = 6289 - 